 of 48 and o?
12
Let q = -217 - -340. Let c = 232 - q. Let s = c - 37. Calculate the highest common factor of 18 and s.
18
Let a be 3 - (-2)/((-2)/(-1)). Suppose -341 = -a*s - 17. What is the highest common factor of s and 54?
27
Let o(m) = m + 93. Let b be o(-5). What is the greatest common divisor of 16 and b?
8
Suppose 0 = 4*h + h + 630. Let w = h - -182. What is the highest common factor of w and 14?
14
Let f be (-7)/28 - (-201)/4. Let x be 10/6*(f + 1). Suppose -2*g - g + x = t, 82 = 3*g - 2*t. Calculate the greatest common divisor of 70 and g.
14
Let a = 32 - 17. Let l(o) = -o**3 - 29*o**2 + 35*o + 195. Let p be l(-30). What is the greatest common factor of p and a?
15
Suppose 4*j - 2374 = 2*s, 4 - 8 = -4*s. What is the greatest common factor of j and 108?
54
Let l = -274 - -301. Calculate the greatest common factor of l and 459.
27
Let p be (0 + -4 + 1175 + -3)*2. Calculate the highest common divisor of 32 and p.
32
Suppose -3*s + 273 = -3*o, -2*s = 2*s - 2*o - 356. Calculate the greatest common divisor of s and 58.
29
Let z = -3 - -9. Let h be z/(-24) + 33/4. Suppose -40 = -5*c - 0. Calculate the greatest common divisor of h and c.
8
Let q be (-25)/10*208/(-13). Calculate the highest common divisor of 152 and q.
8
Let b = -1 - -24. Suppose 3*p - p + 88 = 4*g, -4*g + 4*p = -84. Calculate the highest common divisor of g and b.
23
Let q = -251 - -467. Calculate the greatest common divisor of 96 and q.
24
Let o(b) = -9*b + 105. Let n be o(11). Let p be 1/((5/6)/5). Calculate the highest common factor of n and p.
6
Let r be (1/4)/((-10)/200) + 31. Calculate the highest common factor of 286 and r.
26
Suppose 4*w - w + b = 1, -5*b + 20 = 0. Let x be -3 - (-1 + -242) - w. Let i = 406 - x. What is the highest common factor of 15 and i?
15
Suppose 23 = 4*t + 4*r - 129, 3*t - 114 = 5*r. Suppose 10*b = 3*j + 11*b - 908, 4*j - 1200 = -4*b. What is the highest common divisor of t and j?
38
Let p be ((-12)/(-15))/(1 - (-28)/(-30)). Let s(b) = -b**2 - b + 4. Let v = 0 + 0. Let w be s(v). Calculate the greatest common divisor of w and p.
4
Let x be (-28576)/(-24)*21/14. What is the greatest common factor of x and 94?
94
Let z = 575 - 556. Calculate the highest common factor of z and 2869.
19
Let t be (-4)/(-12)*18/2. Let i be (-1)/t - 392/(-42). What is the greatest common factor of i and 63?
9
Suppose 0 = 4*d - 446 + 50. Let b be (4/12)/((-3)/45). Let c = 14 + b. Calculate the highest common factor of c and d.
9
Let l(h) = -h**3 + h**2 - 3*h + 14. Suppose 0 = -2*i - 3*w - 15, -3*i - 5*w - 8 = 17. Let t be l(i). Calculate the highest common divisor of t and 2.
2
Suppose u = 12 - 1. Suppose 2*t = -4*j + 14, -3*t + 6*t + 2*j - 29 = 0. Calculate the highest common divisor of u and t.
11
Let i = 16 - 15. Let n(b) = 24*b - 1. Let q be n(i). Calculate the greatest common factor of q and 161.
23
Let q(h) = -h**3 - 4*h**2 + 15. Let n be (60/(-18))/5 + (-13)/3. Let a be q(n). What is the highest common factor of 16 and a?
8
Suppose -h = -5*m + 45, 3*m - h = -m + 36. Suppose -3*b - 5 = -2*q, 2*b - 1 = q - 3. Suppose m = q*j - 3. Calculate the highest common factor of 1 and j.
1
Let t be ((-72)/(-30) - -2)*105. Calculate the highest common divisor of t and 132.
66
Let s = 21 + -1. Suppose 9*m + 3*h - 5 = 8*m, -3*m + 2*h = -70. What is the greatest common factor of s and m?
20
Let o = -52 + 60. Let i be 1*(-2)/o + (-185)/(-4). Calculate the highest common factor of 115 and i.
23
Suppose 0 = 5*j - 5 - 0. Let a = 11 + 0. Calculate the greatest common factor of a and j.
1
Let x be 24/(-21) + 238420/245. Calculate the highest common factor of x and 216.
108
Let l = 168 + -162. What is the highest common divisor of l and 18?
6
Suppose 4*m = -1319 - 349. Let z = m - -604. Let s be ((-17)/1)/(1 + -2). What is the greatest common divisor of z and s?
17
Suppose -5*z = -4*l + 5 - 17, z = -4*l + 12. Suppose -5*c + 41 = 2*s, -2*c + c = -l*s + 59. Calculate the greatest common factor of 14 and s.
14
Suppose -4*z = -0*z - 64. Let c(o) = -8*o - 8. Let m be c(-6). Calculate the greatest common factor of m and z.
8
Let s be ((-32)/24)/(4/(-54)). Suppose b = 4*b - s. Calculate the highest common factor of b and 15.
3
Let m be (-16)/152 + (-1887)/(-57). Let t = 74 + -71. What is the highest common factor of m and t?
3
Let d(l) = l**3 - 5*l + 287. Let f be d(0). What is the greatest common factor of f and 7?
7
Let n be 0 + -1 + -2 - 0. Let i be (n - -5 - 0) + 83. Let f = -23 + i. What is the highest common divisor of 155 and f?
31
Let s = 851 + 152. What is the greatest common factor of s and 17?
17
Suppose 2*z - 2*j + 206 = -3*j, -8 = 2*j. Let x = 31 - z. Calculate the highest common divisor of x and 33.
33
Let z be (-18)/(-5) - 30/50. Let t be z - 0*(-1)/(-2). Suppose -2*s + t = -9. Calculate the greatest common divisor of 3 and s.
3
Suppose -3*z + 3*j = -2*j + 25, -2*z + 2*j - 10 = 0. Suppose -8 = g - 5*o, -g + z*o = -4*o + 3. What is the highest common factor of g and 153?
17
Let j = 47 - 23. Suppose -121 = -5*u + 79. Let p be 470/u + 1/4. Calculate the highest common factor of p and j.
12
Let w(k) = -k**2 - 9. Let l be w(6). Let a(p) = 5*p + 6. Let m be a(-4). Let i be (m/5)/(18/l). Calculate the greatest common factor of i and 21.
7
Let q be ((-4)/2 - 185)/((-17)/34). Calculate the highest common divisor of 44 and q.
22
Let c = 25 + -34. Let y be -4*(1 - c/(-2)). What is the greatest common divisor of y and 56?
14
Let t(k) = k**3 + 10*k**2 + 9*k + 9. Suppose 5*w = 3*x - 39, -38 = w + 3*w + x. Let n be t(w). Calculate the highest common divisor of n and 6.
3
Suppose 0 = -4*q - 2*z - 168, -3*q - 164 = q + z. Let i = 51 + q. What is the highest common factor of i and 22?
11
Let o(p) be the first derivative of 2*p - 1/2*p**2 - 1. Let z be o(1). What is the highest common divisor of 11 and z?
1
Let t(k) = -25*k - 122. Let a be t(-8). Calculate the highest common factor of 6 and a.
6
Suppose 2*u = -4*f - 238, 0*f + 2*f = -5*u - 619. Let p = 180 + u. Calculate the highest common divisor of 10 and p.
5
Let c(s) = s**3 - 4*s**2 + 6*s + 5. Let i be c(5). Suppose -5*d + 60 = -i. Let q = 458 + -338. Calculate the greatest common factor of q and d.
24
Let t be 5568/36*9/4. Calculate the highest common divisor of t and 60.
12
Let b(u) = 3*u + 52. Let r be b(-13). Calculate the highest common divisor of r and 351.
13
Suppose -4*g + j + 165 = 0, 4*g + 5*j - 77 = 106. Calculate the greatest common factor of g and 42.
42
Let z = 108 + -128. Let i be -120*(z/12 - (-2)/3). What is the greatest common divisor of i and 12?
12
Let t(s) = 7*s - 4. Let o = 1 - -9. Let b = -2 + o. Let g be t(b). Calculate the greatest common divisor of g and 13.
13
Suppose -2*l + 98 = 4*y, 5*y - 4*l - 10 = 132. Suppose -2*a - 96 = -5*f + 3*f, -4*f + 188 = -5*a. Calculate the highest common divisor of y and f.
26
Let x be 2/(-18) + (-92)/(-18). Suppose 4 + 6 = x*i. Suppose -3*w + 2 = -1, -4*f + i*w + 178 = 0. What is the greatest common factor of f and 30?
15
Let r(j) be the second derivative of -j**5/20 - 7*j**4/12 - 4*j**3/3 - 3*j**2 - 26*j. Let s be r(-6). Calculate the highest common factor of s and 15.
3
Let g = -468 - -470. Let r(u) = 3*u + 3 + 1 + 4*u**2 - 6*u. Let i be r(g). What is the greatest common factor of i and 84?
14
Let f(i) = 9*i**3 - i**2 + 8*i - 6. Let k be f(1). Let v be 352/5 - (-4)/(-10). Calculate the greatest common factor of v and k.
10
Let z = 22 - -11. Suppose -p - 24 = -2*p. Let d = 35 - p. What is the highest common divisor of d and z?
11
Let n = 1523 - 973. Calculate the greatest common factor of 22 and n.
22
Let i be (-132)/132*1*(-16 + 1). Calculate the highest common factor of 39 and i.
3
Let w = 127 - 182. Let v = -20 - w. Calculate the highest common divisor of 5 and v.
5
Let t be (8118/(-30))/((-6)/10). Calculate the highest common factor of 66 and t.
11
Let s = 14 - 8. Suppose 10*q - s = 8*q. Suppose 0 = 4*w - 6*w + 2*p + 14, -q*w = -5*p - 25. What is the highest common divisor of w and 1?
1
Suppose 6*n - 68 = 2*n. Let a = n + -12. Suppose -4 = -a*y + y. What is the greatest common divisor of y and 9?
1
Suppose -8 = -5*g + 5*d + 2, 4*g - d + 1 = 0. Let w = g + 7. Suppose -14 = -o - 8. What is the highest common divisor of w and o?
6
Let o be 11682/(-8)*144/36. Let i be 3*(-1)/4 